
Let g(l) = 458*l + 2805. Determine g(-6).
57
Let p(r) = 141*r**3 + 1125*r**2 - 36*r - 68. Give p(-8).
28
Let u(v) = -v**3 - 39*v**2 + 660*v - 1152. What is u(11)?
58
Let o(a) = 12*a**2 + 262*a + 1415. Calculate o(-9).
29
Let u(b) = -9118*b - 45513. Determine u(-5).
77
Let q(n) = -5*n**2 + 3291*n - 6548. What is q(2)?
14
Let r(c) = -1918563*c + 34534146. Determine r(18).
12
Let i(u) = 2*u**3 + 213*u**2 + 4443*u - 260. Calculate i(-78).
-26
Let d(t) = -t**3 + 19*t**2 + 47*t - 89. Determine d(22).
-507
Let f(h) = h**3 + 25*h**2 - 638*h - 13243. Determine f(-32).
5
Let n(c) = 3780*c + 491379. Determine n(-130).
-21
Let r(w) = 4*w**2 - 13847*w + 13851. Determine r(1).
8
Let u(o) = 11148*o + 100330. What is u(-9)?
-2
Let m(b) = b**2 - 3625*b - 379810. Determine m(-102).
344
Let y(f) = -1348*f + 22296. Give y(18).
-1968
Let s(z) = -8641*z + 9582866. Give s(1109).
-3
Let f(v) = v**3 + 82*v**2 - 803*v - 247. Calculate f(-91).
-1703
Let f(i) = -2162*i + 14974. What is f(6)?
2002
Let m(c) = c**2 - 32*c - 5433. Give m(-63).
552
Let g(w) = -w**3 + 878*w**2 + 1740*w + 17579. Calculate g(880).
-21
Let l(g) = 252*g + 7576. Determine l(-30).
16
Let r(i) = 15*i**2 + 67*i + 212. What is r(-3)?
146
Let k(t) = -20*t**2 + 450*t - 4. What is k(23)?
-234
Let t(z) = -8*z**3 + 1112*z**2 + 44*z + 548. Calculate t(139).
6664
Let a(l) = 2*l**3 + 27*l**2 - 302*l - 2754. What is a(-7)?
-3
Let z(h) = 2*h**2 + 1975*h - 210408. What is z(97)?
-15
Let t(k) = 82*k**2 - 138*k + 592. Give t(8).
4736
Let a(h) = -h**2 - 14904*h - 2824705. What is a(-192)?
-1
Let i(s) = -s**3 + 444*s**2 + 1343*s - 503. Give i(447).
391
Let o(g) = -133*g - 8031. Determine o(-68).
1013
Let v(t) = -2*t**2 + 3662*t + 44214. Give v(-12).
-18
Let i(h) = 551*h - 39112. Give i(71).
9
Let r(f) = -f**3 + 4886*f**2 - 44235*f + 3076. Calculate r(9).
-2
Let j(t) = -11*t**2 - 882*t - 10975. What is j(-12)?
-1975
Let v(n) = -1462*n - 4444. Give v(-4).
1404
Let h(v) = v**3 + 89*v**2 - 419*v - 286. Determine h(5).
-31
Let f(y) = 4*y**3 - 9*y**2 + 173*y - 329. Determine f(2).
13
Let g(t) = t**2 + 652*t + 27939. Give g(-45).
624
Let l(d) = 19320*d - 3110514. What is l(161)?
6
Let z(g) = 18*g**2 + 915*g - 913. What is z(1)?
20
Let r(a) = 13*a**2 + 342*a - 1026. What is r(3)?
117
Let p(k) = k**3 - 90*k**2 + 454*k - 9140. Calculate p(86).
320
Let r(w) = w**3 - w**2 - 142*w - 433. Give r(13).
-251
Let r(x) = -12*x**2 + 4037*x + 18798. What is r(341)?
43
Let c(v) = -37*v**2 + 2290*v - 6892. Calculate c(3).
-355
Let f(d) = -9*d**3 + 4*d**2 + 14*d + 113. What is f(-5)?
1268
Let v(h) = -20*h + 512. Give v(-7).
652
Let y(g) = 2*g**3 + 2*g**2 - 456*g + 928. What is y(2)?
40
Let j(w) = 3*w**2 + 438*w - 1786. Determine j(-146).
-1786
Let i(s) = 61*s**3 + 331*s**2 - 221*s - 40. What is i(-6)?
26
Let y(b) = 12*b**2 - 314*b + 96. What is y(28)?
712
Let q(g) = -1357*g**2 - 71923*g - 124. Calculate q(-53).
-18
Let s(x) = 2*x**3 - 212*x**2 + 1746*x + 78. Calculate s(97).
78
Let a(h) = -2*h**3 - 36*h**2 - 123*h - 46. Calculate a(-18).
2168
Let s(y) = -5876*y + 11744. Calculate s(2).
-8
Let a(o) = -498*o**2 + 62*o - 99. What is a(2)?
-1967
Let c(g) = 5*g**3 + 22*g**2 - 25*g - 73. Calculate c(-6).
-211
Let t(o) = 6*o**2 + 5182*o - 20752. Give t(4).
72
Let f(s) = -6*s**3 - 17*s**2 - 4*s + 352. Give f(0).
352
Let w(l) = l**3 + 154*l**2 + 5126*l - 1997. Give w(-105).
-2
Let x(l) = 15804*l - 173849. What is x(11)?
-5
Let r(o) = -56*o**3 + 30*o**2 + 6. Give r(2).
-322
Let p(d) = 3*d**3 - 231*d**2 - 206*d - 2360. Determine p(78).
-176
Let m(a) = a**3 + 127*a**2 + 2150*a + 187854. Calculate m(-122).
-26
Let y(z) = 3*z**3 + 392*z**2 - 1611*z - 11. What is y(4)?
9
Let j(r) = -89901*r + 269712. Calculate j(3).
9
Let y(f) = -3935*f - 755507. Give y(-192).
13
Let s(i) = -2*i**2 + 1863*i - 9309. Give s(5).
-44
Let q(r) = -9*r**2 - 442*r - 5605. Give q(-12).
-1597
Let p(l) = l**2 + 1237*l - 15075. Determine p(12).
-87
Let o(t) = -26885*t + 3253062. What is o(121)?
-23
Let a(c) = c**3 - 179*c**2 + 483*c + 7639. Give a(176).
-281
Let o(v) = 5*v**2 + 47*v - 3177. Calculate o(21).
15
Let t(h) = -h**2 + 1043*h - 765. Give t(0).
-765
Let j(h) = -850*h**2 + 39947*h + 131. What is j(47)?
-10
Let w(z) = 13468*z + 27215. Calculate w(-2).
279
Let l(p) = -2*p**2 + 1653*p - 46771. Determine l(29).
-516
Let d(r) = 5*r**3 + 59*r**2 + 31*r - 34. Determine d(-8).
934
Let x(p) = -p**2 + 1205*p + 57648. What is x(-46)?
102
Let j(f) = 3*f**2 + 999*f + 764. Calculate j(-332).
-232
Let b(v) = v**2 + 35711*v + 428405. Calculate b(-12).
17
Let h(n) = -n**3 - 258*n**2 + 6784*n - 97. Determine h(24).
287
Let s(b) = 34*b**3 - 283*b**2 + 90*b - 6. Give s(8).
10
Let x(d) = -20729*d + 4208009. What is x(203)?
22
Let k(v) = v**2 - 109*v + 1167. Calculate k(100).
267
Let t(h) = -2507*h + 215892. Calculate t(86).
290
Let j(t) = -t**3 + 139*t**2 - 707*t + 75. Give j(5).
-110
Let m(u) = -50*u**2 + 373*u - 164. Calculate m(7).
-3
Let y(n) = n**3 + 246*n**2 - 1479*n - 167. What is y(6)?
31
Let f(y) = 6*y**2 + 3642*y + 522014. Give f(-232).
14
Let d(l) = -l**3 + 1829*l**2 - 10958*l + 139. Give d(6).
19
Let n(i) = -i**3 + 58*i**2 + 97*i - 5635. What is n(58)?
-9
Let b(s) = 1700*s - 6678. Calculate b(4).
122
Let b(h) = -3967*h - 11897. What is b(-3)?
4
Let q(x) = x**3 - 181*x**2 - 4460*x - 1214. Give q(203).
4
Let v(x) = -2*x**2 - 59*x + 3526. Calculate v(29).
133
Let n(q) = -2318*q - 2607. Determine n(-1).
-289
Let l(s) = 12*s**2 - 112*s - 1369. Determine l(-7).
3
Let f(n) = -29*n**2 - 71*n + 322. Give f(5).
-758
Let w(k) = -k**3 - 18*k**2 + 1787*k + 7378. Determine w(-4).
6
Let i(m) = -4*m**3 + 174*m**2 + 2001*m + 54. Calculate i(53).
-635
Let v(x) = -58*x**2 - 340*x + 400. Calculate v(-7).
-62
Let s(k) = -72*k + 174. Give s(-6).
606
Let h(r) = -r**3 - 329*r**2 - 14643*r + 108. Calculate h(-53).
903
Let w(p) = -773*p - 156025. Give w(-202).
121
Let f(t) = -8*t**2 + 1042*t - 26935. What is f(36)?
209
Let l(q) = 21*q**3 - 16*q**2 + 160*q + 17. What is l(5)?
3042
Let q(z) = -58*z**2 - 29*z + 3. What is q(-2)?
-171
Let a(j) = j**3 + 33*j**2 - 4127*j - 139151. Calculate a(-34).
11
Let k(c) = -9*c**2 - 88*c + 767. What is k(-16)?
-129
Let g(h) = 5*h**2 - 7910*h - 63802. What is g(-8)?
-202
Let c(h) = 161*h**3 - 8699*h**2 + 265*h + 61. What is c(54)?
-209
Let i(t) = 54*t - 13569. Determine i(297).
2469
Let q(p) = -3*p**2 - 125*p + 3725. Determine q(-60).
425
Let x(g) = 10*g**3 + 56*g**2 + 1419*g + 8653. Give x(-6).
-5
Let h(v) = 2*v**3 - 90*v**2 - 4237*v - 4098. Calculate h(74).
-28
Let a(r) = 12*r + 135. Determine a(-29).
-213
Let f(y) = -y**3 - 535*y**2 - 1042*y + 12665. Determine f(-533).
-127
Let a(k) = 6*k**3 - 34*k**2 - 396*k + 2315. Calculate a(6).
11
Let q(k) = -854*k**2 - 571*k + 274. Give q(-1).
-9
Let u(h) = 14995*h + 749737. Give u(-50).
-13
Let d(l) = 21*l**2 + 43*l + 34. Calculate d(-8).
1034
Let i(c) = -c**3 + 114*c**2 - 2131*c + 875. Calculate i(23).
1
Let l(j) = -j**3 - 410*j**2 + 2911*j + 57. Give l(7).
1
Let r(w) = 20425*w + 1348026. Determine r(-66).
-24
Let a(u) = 503*u + 4059. Give a(-7).
538
Let n(a) = -2597562*a + 10390244. What is n(4)?
-4
Let i(j) = -j**3 + 38*j**2 + 1193*j - 42096. Calculate i(43).
-42
Let k(g) = -34*g**2 - 111*g + 575. Calculate k(-6).
17
Let w(n) = 31814*n - 381789. Calculate w(12).
-21
Let t(f) = 6962*f + 34622. What is t(-5)?
-188
Let f(n) = -n**3 + 408*n**2 - 411*n + 374. Calculate f(407).
-1254
Let g(o) = -o**2 + 933*o - 46640. What is g(53)?
0
Let m(g) = g**3 - 4051*g**2 + 140562*g - 56. Calculate m(35).
14
Let w(c) = -3448*c - 10459. What is w(-3)?
-115
Let t(y) = 13669*y - 54804. Determine t(4).
-128
Let c(d) = -2*d**3 + 112*d**2 + 71*d + 2395. Calculate c(57).
-56
Let y(n) = 2237*n - 239504. Calculate y(107).
-145
Let d(x) = -4*x**2 - 72*x - 17. Calculate d(-18).
-17
Let r(q) = 5*q**3 + 5122*q**2 + 2145*q + 99322. Give r(-1024).
-6
Let t(b) = -14*b**2 + 23048*b + 185274. Give t(-8).
-6
Let n(i) = i**3 - 133*i**2 - 1122*i - 833. Determine n(141).
13
Let c(v) = -v**2 + 108*v - 929. Calculate c(98).
51
Let b(n) = -105*n**2 - 2500*n + 478. Give b(-24).
-2
Let d(y) = -66*y**2 - 48192*y - 56871. Give d(-729).
-9
Let d(f) = 449*f**2 + 50736*f - 87. What is d(-113)?
26
Let k(o) = o**3 - 2*o**2 + 123*o - 388. What is k(3)?
-10
Let x(l) = -28261*l 